{"id":50,"date":"2023-01-20T09:02:48","date_gmt":"2023-01-20T08:02:48","guid":{"rendered":"https:\/\/prelom-poradenstvo.sk\/?page_id=50"},"modified":"2025-12-02T14:17:34","modified_gmt":"2025-12-02T13:17:34","slug":"kontakt","status":"publish","type":"page","link":"https:\/\/prelom-poradenstvo.sk\/?page_id=50","title":{"rendered":"Kontakt"},"content":{"rendered":"\n<div class=\"wp-block-group has-global-padding is-content-justification-left is-layout-constrained wp-container-core-group-is-layout-9fe8ed88 wp-block-group-is-layout-constrained\">\n<p class=\"has-accent-2-background-color has-background\" style=\"font-style:normal;font-weight:500\">Dohodni si stretnutie tu: <a href=\"mailto:anna.pittnerova@gmail.com\">anna.pittnerova@gmail.com<\/a> <\/p>\n<\/div>\n\n\n\n<figure class=\"wp-block-image size-large is-resized\"><img loading=\"lazy\" decoding=\"async\" width=\"1024\" height=\"1024\" src=\"https:\/\/prelom-poradenstvo.sk\/wp-content\/uploads\/2025\/12\/Artboard-1-copy-3-1024x1024.png\" alt=\"\" class=\"wp-image-238\" style=\"width:300px\" srcset=\"https:\/\/prelom-poradenstvo.sk\/wp-content\/uploads\/2025\/12\/Artboard-1-copy-3-1024x1024.png 1024w, https:\/\/prelom-poradenstvo.sk\/wp-content\/uploads\/2025\/12\/Artboard-1-copy-3-300x300.png 300w, https:\/\/prelom-poradenstvo.sk\/wp-content\/uploads\/2025\/12\/Artboard-1-copy-3-150x150.png 150w, https:\/\/prelom-poradenstvo.sk\/wp-content\/uploads\/2025\/12\/Artboard-1-copy-3-768x769.png 768w, https:\/\/prelom-poradenstvo.sk\/wp-content\/uploads\/2025\/12\/Artboard-1-copy-3.png 1080w\" sizes=\"auto, (max-width: 1024px) 100vw, 1024px\" \/><\/figure>\n\n\n\n<p>Od pondelka do piatka, od 9.00 do 18.00 ma n\u00e1jde\u0161 v Petr\u017ealke, na Wolkrovej ulici \u010d.4 v Bratislave. Zastihne\u0161 ma aj na telef\u00f3ne: <a href=\"tel:421908058189\">+421 908 058 189<\/a><\/p>\n\n\n\n<div style=\"height:30px\" aria-hidden=\"true\" class=\"wp-block-spacer\"><\/div>\n\n\n\n<p class=\"has-small-font-size\">Objednajte sa emailom, s kr\u00e1tkym popisom toho, s \u010d\u00edm prich\u00e1dzate. Prv\u00e9 stretnutie sa potvrdzuje platbou fakt\u00fary, tak\u017ee pros\u00edm do emailu rovno nap\u00ed\u0161te va\u0161e \u00fadaje. Zru\u0161enie term\u00ednu viac ako 24 hod\u00edn dopredu je bezplatn\u00e9, zru\u0161enie menej ako 24 hod\u00edn dopredu je spoplatnen\u00e9 plnou sumou.<\/p>\n\n\n\n<div style=\"height:100px\" aria-hidden=\"true\" class=\"wp-block-spacer\"><\/div>\n","protected":false},"excerpt":{"rendered":"<p>Dohodni si stretnutie tu: anna.pittnerova@gmail.com Od pondelka do piatka, od 9.00 do 18.00 ma n\u00e1jde\u0161 v Petr\u017ealke, na Wolkrovej ulici \u010d.4 v Bratislave. Zastihne\u0161 ma aj na telef\u00f3ne: +421 908 058 189 Objednajte sa emailom, s kr\u00e1tkym popisom toho, s \u010d\u00edm prich\u00e1dzate. Prv\u00e9 stretnutie sa potvrdzuje platbou fakt\u00fary, tak\u017ee pros\u00edm do emailu rovno nap\u00ed\u0161te va\u0161e [&hellip;]<\/p>\n","protected":false},"author":1,"featured_media":0,"parent":0,"menu_order":0,"comment_status":"closed","ping_status":"closed","template":"","meta":{"footnotes":""},"class_list":["post-50","page","type-page","status-publish","hentry"],"aioseo_notices":[],"_links":{"self":[{"href":"https:\/\/prelom-poradenstvo.sk\/index.php?rest_route=\/wp\/v2\/pages\/50","targetHints":{"allow":["GET"]}}],"collection":[{"href":"https:\/\/prelom-poradenstvo.sk\/index.php?rest_route=\/wp\/v2\/pages"}],"about":[{"href":"https:\/\/prelom-poradenstvo.sk\/index.php?rest_route=\/wp\/v2\/types\/page"}],"author":[{"embeddable":true,"href":"https:\/\/prelom-poradenstvo.sk\/index.php?rest_route=\/wp\/v2\/users\/1"}],"replies":[{"embeddable":true,"href":"https:\/\/prelom-poradenstvo.sk\/index.php?rest_route=%2Fwp%2Fv2%2Fcomments&post=50"}],"version-history":[{"count":21,"href":"https:\/\/prelom-poradenstvo.sk\/index.php?rest_route=\/wp\/v2\/pages\/50\/revisions"}],"predecessor-version":[{"id":541,"href":"https:\/\/prelom-poradenstvo.sk\/index.php?rest_route=\/wp\/v2\/pages\/50\/revisions\/541"}],"wp:attachment":[{"href":"https:\/\/prelom-poradenstvo.sk\/index.php?rest_route=%2Fwp%2Fv2%2Fmedia&parent=50"}],"curies":[{"name":"wp","href":"https:\/\/api.w.org\/{rel}","templated":true}]}}