{"id":11,"date":"2023-01-20T08:03:03","date_gmt":"2023-01-20T07:03:03","guid":{"rendered":"https:\/\/prelom-poradenstvo.sk\/?page_id=11"},"modified":"2026-01-27T12:43:30","modified_gmt":"2026-01-27T11:43:30","slug":"home","status":"publish","type":"page","link":"https:\/\/prelom-poradenstvo.sk\/","title":{"rendered":"Home"},"content":{"rendered":"\n<p><strong>Prelom je zlomov\u00fd moment, ktor\u00fd o\u010dak\u00e1va\u0161 od poradenstva. Je to uvedomenie, ktor\u00e9 \u0164a zmen\u00ed, poh\u013ead, cez ktor\u00fd uvid\u00ed\u0161 inak seba a svoje vz\u0165ahy.<\/strong><\/p>\n\n\n\n<p>Skuto\u010dn\u00fd prelom, pod\u013ea m\u0148a, prich\u00e1dza z vn\u00fatra a bez tlaku. Plat\u00ed to aj pri mal\u00fdch aj ve\u013ek\u00fdch \u013eu\u010foch. Nikto n\u00e1m nem\u00f4\u017ee vn\u00fati\u0165, ako sa m\u00e1me c\u00edti\u0165, ani to, ako m\u00e1me \u017ei\u0165. Takto vyn\u00faten\u00e1 zmena nikdy nebude autentick\u00e1, ani udr\u017eate\u013en\u00e1. Ak\u00e1 zmena m\u00e1 zmysel? Po preniknut\u00ed do Tvojho jedine\u010dn\u00e9ho sveta, v \u0148om spolo\u010dne vieme odkry\u0165 nov\u00e9 mo\u017enosti a vo\u013eby. Tie naozaj Tvoje.<\/p>\n\n\n\n<div style=\"height:30px\" aria-hidden=\"true\" class=\"wp-block-spacer\"><\/div>\n\n\n\n<div class=\"wp-block-columns is-layout-flex wp-container-core-columns-is-layout-28f84493 wp-block-columns-is-layout-flex\">\n<div class=\"wp-block-column is-vertically-aligned-center is-layout-flow wp-block-column-is-layout-flow\" style=\"flex-basis:50%\">\n<figure class=\"wp-block-image size-large\"><img loading=\"lazy\" decoding=\"async\" width=\"1024\" height=\"768\" src=\"https:\/\/prelom-poradenstvo.sk\/wp-content\/uploads\/2025\/12\/1000101636-1024x768.jpg\" alt=\"\" class=\"wp-image-372\" srcset=\"https:\/\/prelom-poradenstvo.sk\/wp-content\/uploads\/2025\/12\/1000101636-1024x768.jpg 1024w, https:\/\/prelom-poradenstvo.sk\/wp-content\/uploads\/2025\/12\/1000101636-300x225.jpg 300w, https:\/\/prelom-poradenstvo.sk\/wp-content\/uploads\/2025\/12\/1000101636-768x576.jpg 768w, https:\/\/prelom-poradenstvo.sk\/wp-content\/uploads\/2025\/12\/1000101636-1536x1152.jpg 1536w, https:\/\/prelom-poradenstvo.sk\/wp-content\/uploads\/2025\/12\/1000101636.jpg 1696w\" sizes=\"auto, (max-width: 1024px) 100vw, 1024px\" \/><\/figure>\n\n\n\n<div style=\"height:20px\" aria-hidden=\"true\" class=\"wp-block-spacer\"><\/div>\n\n\n\n<ul class=\"wp-block-social-links has-icon-color has-icon-background-color is-style-default is-layout-flex wp-block-social-links-is-layout-flex\"><li style=\"color:#e90303;background-color:#c1ff72;\" class=\"wp-social-link wp-social-link-instagram has-accent-4-color has-accent-2-background-color wp-block-social-link\"><a href=\"https:\/\/www.instagram.com\/prelom_anna\/\" class=\"wp-block-social-link-anchor\"><svg width=\"24\" height=\"24\" viewBox=\"0 0 24 24\" version=\"1.1\" xmlns=\"http:\/\/www.w3.org\/2000\/svg\" aria-hidden=\"true\" focusable=\"false\"><path d=\"M12,4.622c2.403,0,2.688,0.009,3.637,0.052c0.877,0.04,1.354,0.187,1.671,0.31c0.42,0.163,0.72,0.358,1.035,0.673 c0.315,0.315,0.51,0.615,0.673,1.035c0.123,0.317,0.27,0.794,0.31,1.671c0.043,0.949,0.052,1.234,0.052,3.637 s-0.009,2.688-0.052,3.637c-0.04,0.877-0.187,1.354-0.31,1.671c-0.163,0.42-0.358,0.72-0.673,1.035 c-0.315,0.315-0.615,0.51-1.035,0.673c-0.317,0.123-0.794,0.27-1.671,0.31c-0.949,0.043-1.233,0.052-3.637,0.052 s-2.688-0.009-3.637-0.052c-0.877-0.04-1.354-0.187-1.671-0.31c-0.42-0.163-0.72-0.358-1.035-0.673 c-0.315-0.315-0.51-0.615-0.673-1.035c-0.123-0.317-0.27-0.794-0.31-1.671C4.631,14.688,4.622,14.403,4.622,12 s0.009-2.688,0.052-3.637c0.04-0.877,0.187-1.354,0.31-1.671c0.163-0.42,0.358-0.72,0.673-1.035 c0.315-0.315,0.615-0.51,1.035-0.673c0.317-0.123,0.794-0.27,1.671-0.31C9.312,4.631,9.597,4.622,12,4.622 M12,3 C9.556,3,9.249,3.01,8.289,3.054C7.331,3.098,6.677,3.25,6.105,3.472C5.513,3.702,5.011,4.01,4.511,4.511 c-0.5,0.5-0.808,1.002-1.038,1.594C3.25,6.677,3.098,7.331,3.054,8.289C3.01,9.249,3,9.556,3,12c0,2.444,0.01,2.751,0.054,3.711 c0.044,0.958,0.196,1.612,0.418,2.185c0.23,0.592,0.538,1.094,1.038,1.594c0.5,0.5,1.002,0.808,1.594,1.038 c0.572,0.222,1.227,0.375,2.185,0.418C9.249,20.99,9.556,21,12,21s2.751-0.01,3.711-0.054c0.958-0.044,1.612-0.196,2.185-0.418 c0.592-0.23,1.094-0.538,1.594-1.038c0.5-0.5,0.808-1.002,1.038-1.594c0.222-0.572,0.375-1.227,0.418-2.185 C20.99,14.751,21,14.444,21,12s-0.01-2.751-0.054-3.711c-0.044-0.958-0.196-1.612-0.418-2.185c-0.23-0.592-0.538-1.094-1.038-1.594 c-0.5-0.5-1.002-0.808-1.594-1.038c-0.572-0.222-1.227-0.375-2.185-0.418C14.751,3.01,14.444,3,12,3L12,3z M12,7.378 c-2.552,0-4.622,2.069-4.622,4.622S9.448,16.622,12,16.622s4.622-2.069,4.622-4.622S14.552,7.378,12,7.378z M12,15 c-1.657,0-3-1.343-3-3s1.343-3,3-3s3,1.343,3,3S13.657,15,12,15z M16.804,6.116c-0.596,0-1.08,0.484-1.08,1.08 s0.484,1.08,1.08,1.08c0.596,0,1.08-0.484,1.08-1.08S17.401,6.116,16.804,6.116z\"><\/path><\/svg><span class=\"wp-block-social-link-label screen-reader-text\">Instagram<\/span><\/a><\/li>\n\n<li style=\"color:#e90303;background-color:#c1ff72;\" class=\"wp-social-link wp-social-link-facebook has-accent-4-color has-accent-2-background-color wp-block-social-link\"><a href=\"https:\/\/www.facebook.com\/anna.pittnerova\" class=\"wp-block-social-link-anchor\"><svg width=\"24\" height=\"24\" viewBox=\"0 0 24 24\" version=\"1.1\" xmlns=\"http:\/\/www.w3.org\/2000\/svg\" aria-hidden=\"true\" focusable=\"false\"><path d=\"M12 2C6.5 2 2 6.5 2 12c0 5 3.7 9.1 8.4 9.9v-7H7.9V12h2.5V9.8c0-2.5 1.5-3.9 3.8-3.9 1.1 0 2.2.2 2.2.2v2.5h-1.3c-1.2 0-1.6.8-1.6 1.6V12h2.8l-.4 2.9h-2.3v7C18.3 21.1 22 17 22 12c0-5.5-4.5-10-10-10z\"><\/path><\/svg><span class=\"wp-block-social-link-label screen-reader-text\">Facebook<\/span><\/a><\/li><\/ul>\n\n\n\n<div style=\"height:20px\" aria-hidden=\"true\" class=\"wp-block-spacer\"><\/div>\n<\/div>\n\n\n\n<div class=\"wp-block-column is-layout-flow wp-block-column-is-layout-flow\" style=\"flex-basis:50%\">\n<div class=\"wp-block-group has-accent-2-background-color has-background has-global-padding is-layout-constrained wp-container-core-group-is-layout-5ff505d8 wp-block-group-is-layout-constrained\" style=\"border-width:2px;padding-top:var(--wp--preset--spacing--30);padding-right:var(--wp--preset--spacing--30);padding-bottom:var(--wp--preset--spacing--30);padding-left:var(--wp--preset--spacing--30)\">\n<p>Ahoj, som Anna. Vy\u0161tudovala som psychol\u00f3giu a pracovala som ako \u0161kolsk\u00e1 psychologi\u010dka. Nau\u010dilo ma to ve\u013ea o de\u0165och, rodi\u010doch, aj o neprajnom \u0161kolskom syst\u00e9me. Dnes m\u00e1m svoju prax a venujem sa mal\u00fdm aj ve\u013ek\u00fdm \u013eu\u010fom. Najrad\u0161ej tak\u00fdm, ktor\u00ed maj\u00fa vlastn\u00fa hlavu a h\u013eadaj\u00fa vlastn\u00e9 cesty \u017eivotom. Poradenstvo prebieha pomocou hry, tvorby, rozhovoru, ten vediem aj v angli\u010dtine. <\/p>\n<\/div>\n<\/div>\n<\/div>\n\n\n\n<div style=\"height:50px\" aria-hidden=\"true\" class=\"wp-block-spacer\"><\/div>\n\n\n\n<p><strong>Tu n\u00e1jde\u0161 prelomov\u00e9 momenty mal\u00fdch aj ve\u013ek\u00fdch \u013eud\u00ed, ktor\u00ed ku mne chodia. <\/strong>Men\u00e1 s\u00fa zmenen\u00e9, podstata ost\u00e1va &#8211; ka\u017ed\u00fd m\u00e1 vlastn\u00fa cestu a jedine\u010dn\u00e9 potreby, \u017eiadne \u0161katu\u013eky. Jeden sa potrebuje vyrozpr\u00e1va\u0165, druh\u00fd vypusti\u0165 em\u00f3cie v pohybe, tretia zamestna\u0165 ruky a popri tom prebra\u0165 to podstatn\u00e9.<\/p>\n\n\n\n<div style=\"height:50px\" aria-hidden=\"true\" class=\"wp-block-spacer\"><\/div>\n\n\n\n<div class=\"wp-block-group is-layout-grid wp-container-core-group-is-layout-478b6e6b wp-block-group-is-layout-grid\">\n<figure class=\"wp-block-image size-large\"><img loading=\"lazy\" decoding=\"async\" width=\"819\" height=\"1024\" src=\"https:\/\/prelom-poradenstvo.sk\/wp-content\/uploads\/2025\/12\/6-1-819x1024.png\" alt=\"\" class=\"wp-image-461\" srcset=\"https:\/\/prelom-poradenstvo.sk\/wp-content\/uploads\/2025\/12\/6-1-819x1024.png 819w, https:\/\/prelom-poradenstvo.sk\/wp-content\/uploads\/2025\/12\/6-1-240x300.png 240w, https:\/\/prelom-poradenstvo.sk\/wp-content\/uploads\/2025\/12\/6-1-768x960.png 768w, https:\/\/prelom-poradenstvo.sk\/wp-content\/uploads\/2025\/12\/6-1.png 1080w\" sizes=\"auto, (max-width: 819px) 100vw, 819px\" \/><\/figure>\n\n\n\n<figure class=\"wp-block-image size-large\"><img loading=\"lazy\" decoding=\"async\" width=\"819\" height=\"1024\" src=\"https:\/\/prelom-poradenstvo.sk\/wp-content\/uploads\/2025\/12\/7-819x1024.png\" alt=\"\" class=\"wp-image-463\" srcset=\"https:\/\/prelom-poradenstvo.sk\/wp-content\/uploads\/2025\/12\/7-819x1024.png 819w, https:\/\/prelom-poradenstvo.sk\/wp-content\/uploads\/2025\/12\/7-240x300.png 240w, https:\/\/prelom-poradenstvo.sk\/wp-content\/uploads\/2025\/12\/7-768x960.png 768w, https:\/\/prelom-poradenstvo.sk\/wp-content\/uploads\/2025\/12\/7.png 1080w\" sizes=\"auto, (max-width: 819px) 100vw, 819px\" \/><\/figure>\n\n\n\n<figure class=\"wp-block-image size-large\"><img loading=\"lazy\" decoding=\"async\" width=\"819\" height=\"1024\" src=\"https:\/\/prelom-poradenstvo.sk\/wp-content\/uploads\/2025\/12\/3-819x1024.png\" alt=\"\" class=\"wp-image-459\" srcset=\"https:\/\/prelom-poradenstvo.sk\/wp-content\/uploads\/2025\/12\/3-819x1024.png 819w, https:\/\/prelom-poradenstvo.sk\/wp-content\/uploads\/2025\/12\/3-240x300.png 240w, https:\/\/prelom-poradenstvo.sk\/wp-content\/uploads\/2025\/12\/3-768x960.png 768w, https:\/\/prelom-poradenstvo.sk\/wp-content\/uploads\/2025\/12\/3.png 1080w\" sizes=\"auto, (max-width: 819px) 100vw, 819px\" \/><\/figure>\n\n\n\n<figure class=\"wp-block-image size-large\"><img loading=\"lazy\" decoding=\"async\" width=\"1080\" height=\"1350\" src=\"https:\/\/prelom-poradenstvo.sk\/wp-content\/uploads\/2025\/12\/4-819x1024.png\" alt=\"\" class=\"wp-image-460\" srcset=\"https:\/\/prelom-poradenstvo.sk\/wp-content\/uploads\/2025\/12\/4-819x1024.png 819w, https:\/\/prelom-poradenstvo.sk\/wp-content\/uploads\/2025\/12\/4-240x300.png 240w, https:\/\/prelom-poradenstvo.sk\/wp-content\/uploads\/2025\/12\/4-768x960.png 768w, https:\/\/prelom-poradenstvo.sk\/wp-content\/uploads\/2025\/12\/4.png 1080w\" sizes=\"auto, (max-width: 1080px) 100vw, 1080px\" \/><\/figure>\n\n\n\n<figure class=\"wp-block-image size-large\"><img loading=\"lazy\" decoding=\"async\" width=\"819\" height=\"1024\" src=\"https:\/\/prelom-poradenstvo.sk\/wp-content\/uploads\/2025\/12\/12-819x1024.png\" alt=\"\" class=\"wp-image-573\" srcset=\"https:\/\/prelom-poradenstvo.sk\/wp-content\/uploads\/2025\/12\/12-819x1024.png 819w, https:\/\/prelom-poradenstvo.sk\/wp-content\/uploads\/2025\/12\/12-240x300.png 240w, https:\/\/prelom-poradenstvo.sk\/wp-content\/uploads\/2025\/12\/12-768x960.png 768w, https:\/\/prelom-poradenstvo.sk\/wp-content\/uploads\/2025\/12\/12.png 1080w\" sizes=\"auto, (max-width: 819px) 100vw, 819px\" \/><\/figure>\n\n\n\n<figure class=\"wp-block-image size-large\"><img loading=\"lazy\" decoding=\"async\" width=\"819\" height=\"1024\" src=\"https:\/\/prelom-poradenstvo.sk\/wp-content\/uploads\/2025\/12\/13-819x1024.png\" alt=\"\" class=\"wp-image-574\" srcset=\"https:\/\/prelom-poradenstvo.sk\/wp-content\/uploads\/2025\/12\/13-819x1024.png 819w, https:\/\/prelom-poradenstvo.sk\/wp-content\/uploads\/2025\/12\/13-240x300.png 240w, https:\/\/prelom-poradenstvo.sk\/wp-content\/uploads\/2025\/12\/13-768x960.png 768w, https:\/\/prelom-poradenstvo.sk\/wp-content\/uploads\/2025\/12\/13.png 1080w\" sizes=\"auto, (max-width: 819px) 100vw, 819px\" \/><\/figure>\n\n\n\n<figure class=\"wp-block-image size-large\"><img loading=\"lazy\" decoding=\"async\" width=\"819\" height=\"1024\" src=\"https:\/\/prelom-poradenstvo.sk\/wp-content\/uploads\/2025\/12\/13_20251209_151528_0000-819x1024.png\" alt=\"\" class=\"wp-image-597\" srcset=\"https:\/\/prelom-poradenstvo.sk\/wp-content\/uploads\/2025\/12\/13_20251209_151528_0000-819x1024.png 819w, https:\/\/prelom-poradenstvo.sk\/wp-content\/uploads\/2025\/12\/13_20251209_151528_0000-240x300.png 240w, https:\/\/prelom-poradenstvo.sk\/wp-content\/uploads\/2025\/12\/13_20251209_151528_0000-768x960.png 768w, https:\/\/prelom-poradenstvo.sk\/wp-content\/uploads\/2025\/12\/13_20251209_151528_0000.png 1080w\" sizes=\"auto, (max-width: 819px) 100vw, 819px\" \/><\/figure>\n\n\n\n<figure class=\"wp-block-image size-large\"><img loading=\"lazy\" decoding=\"async\" width=\"819\" height=\"1024\" src=\"https:\/\/prelom-poradenstvo.sk\/wp-content\/uploads\/2026\/01\/Prelom-Instagram-2025_20260126_195323_0001-819x1024.png\" alt=\"\" class=\"wp-image-614\" srcset=\"https:\/\/prelom-poradenstvo.sk\/wp-content\/uploads\/2026\/01\/Prelom-Instagram-2025_20260126_195323_0001-819x1024.png 819w, https:\/\/prelom-poradenstvo.sk\/wp-content\/uploads\/2026\/01\/Prelom-Instagram-2025_20260126_195323_0001-240x300.png 240w, https:\/\/prelom-poradenstvo.sk\/wp-content\/uploads\/2026\/01\/Prelom-Instagram-2025_20260126_195323_0001-768x960.png 768w, https:\/\/prelom-poradenstvo.sk\/wp-content\/uploads\/2026\/01\/Prelom-Instagram-2025_20260126_195323_0001.png 1080w\" sizes=\"auto, (max-width: 819px) 100vw, 819px\" \/><\/figure>\n\n\n\n<figure class=\"wp-block-image size-large\"><img loading=\"lazy\" decoding=\"async\" width=\"819\" height=\"1024\" src=\"https:\/\/prelom-poradenstvo.sk\/wp-content\/uploads\/2026\/01\/Prelom-Instagram-2025_20260126_195323_0002-819x1024.png\" alt=\"\" class=\"wp-image-615\" srcset=\"https:\/\/prelom-poradenstvo.sk\/wp-content\/uploads\/2026\/01\/Prelom-Instagram-2025_20260126_195323_0002-819x1024.png 819w, https:\/\/prelom-poradenstvo.sk\/wp-content\/uploads\/2026\/01\/Prelom-Instagram-2025_20260126_195323_0002-240x300.png 240w, https:\/\/prelom-poradenstvo.sk\/wp-content\/uploads\/2026\/01\/Prelom-Instagram-2025_20260126_195323_0002-768x960.png 768w, https:\/\/prelom-poradenstvo.sk\/wp-content\/uploads\/2026\/01\/Prelom-Instagram-2025_20260126_195323_0002.png 1080w\" sizes=\"auto, (max-width: 819px) 100vw, 819px\" \/><\/figure>\n<\/div>\n\n\n\n<div style=\"height:50px\" aria-hidden=\"true\" class=\"wp-block-spacer\"><\/div>\n\n\n\n<div class=\"wp-block-group has-accent-3-background-color has-background has-global-padding is-layout-constrained wp-container-core-group-is-layout-5ff505d8 wp-block-group-is-layout-constrained\" style=\"border-width:2px;padding-top:var(--wp--preset--spacing--30);padding-right:var(--wp--preset--spacing--30);padding-bottom:var(--wp--preset--spacing--30);padding-left:var(--wp--preset--spacing--30)\">\n<p class=\"has-text-align-center\">Ak m\u00e1\u0161 chu\u0165 sa vyrozpr\u00e1va\u0165, rie\u0161i\u0161 naliehav\u00fd probl\u00e9m, \u010di nepohodu vo vlastnom \u017eivote a vz\u0165ahoch, som tu pre Teba. Objedna\u0165 sa m\u00f4\u017ee\u0161 cez email: <a href=\"mailto:anna.pittnerova@gmail.com\">anna.pittnerova@gmail.com<\/a> <\/p>\n<\/div>\n\n\n\n<div style=\"height:50px\" aria-hidden=\"true\" class=\"wp-block-spacer\"><\/div>\n","protected":false},"excerpt":{"rendered":"<p>Prelom je zlomov\u00fd moment, ktor\u00fd o\u010dak\u00e1va\u0161 od poradenstva. Je to uvedomenie, ktor\u00e9 \u0164a zmen\u00ed, poh\u013ead, cez ktor\u00fd uvid\u00ed\u0161 inak seba a svoje vz\u0165ahy. Skuto\u010dn\u00fd prelom, pod\u013ea m\u0148a, prich\u00e1dza z vn\u00fatra a bez tlaku. Plat\u00ed to aj pri mal\u00fdch aj ve\u013ek\u00fdch \u013eu\u010foch. Nikto n\u00e1m nem\u00f4\u017ee vn\u00fati\u0165, ako sa m\u00e1me c\u00edti\u0165, ani to, ako m\u00e1me \u017ei\u0165. Takto [&hellip;]<\/p>\n","protected":false},"author":1,"featured_media":0,"parent":0,"menu_order":0,"comment_status":"closed","ping_status":"closed","template":"","meta":{"footnotes":""},"class_list":["post-11","page","type-page","status-publish","hentry"],"aioseo_notices":[],"_links":{"self":[{"href":"https:\/\/prelom-poradenstvo.sk\/index.php?rest_route=\/wp\/v2\/pages\/11","targetHints":{"allow":["GET"]}}],"collection":[{"href":"https:\/\/prelom-poradenstvo.sk\/index.php?rest_route=\/wp\/v2\/pages"}],"about":[{"href":"https:\/\/prelom-poradenstvo.sk\/index.php?rest_route=\/wp\/v2\/types\/page"}],"author":[{"embeddable":true,"href":"https:\/\/prelom-poradenstvo.sk\/index.php?rest_route=\/wp\/v2\/users\/1"}],"replies":[{"embeddable":true,"href":"https:\/\/prelom-poradenstvo.sk\/index.php?rest_route=%2Fwp%2Fv2%2Fcomments&post=11"}],"version-history":[{"count":91,"href":"https:\/\/prelom-poradenstvo.sk\/index.php?rest_route=\/wp\/v2\/pages\/11\/revisions"}],"predecessor-version":[{"id":616,"href":"https:\/\/prelom-poradenstvo.sk\/index.php?rest_route=\/wp\/v2\/pages\/11\/revisions\/616"}],"wp:attachment":[{"href":"https:\/\/prelom-poradenstvo.sk\/index.php?rest_route=%2Fwp%2Fv2%2Fmedia&parent=11"}],"curies":[{"name":"wp","href":"https:\/\/api.w.org\/{rel}","templated":true}]}}